8?
116
Calculate the greatest common factor of 7286938 and 12078.
122
What is the highest common factor of 15171040 and 320?
160
What is the greatest common divisor of 1725 and 164691063?
69
Calculate the greatest common factor of 10426 and 5573098.
802
What is the highest common divisor of 4 and 2988439456?
4
What is the greatest common divisor of 2293060 and 5390?
770
What is the highest common divisor of 64 and 220936?
8
Calculate the highest common factor of 14193 and 140297058.
747
Calculate the highest common factor of 1017 and 2758443.
339
What is the highest common divisor of 5479645 and 31739?
1867
What is the greatest common factor of 256 and 480331648?
128
Calculate the greatest common divisor of 864 and 12289040.
16
Calculate the highest common factor of 13305097 and 871819.
4381
Calculate the highest common divisor of 13184 and 4543948.
412
What is the greatest common factor of 1385 and 8555?
5
What is the greatest common factor of 5496522 and 116154?
1434
Calculate the highest common factor of 9402505 and 70.
35
What is the highest common divisor of 81711196 and 3444?
1148
Calculate the greatest common divisor of 17287354 and 4130.
826
What is the highest common divisor of 332312 and 648?
8
Calculate the highest common factor of 13241727 and 7707.
1101
What is the greatest common factor of 2468 and 116141612?
2468
Calculate the greatest common factor of 37926017 and 597.
199
What is the highest common factor of 196097085 and 45?
45
Calculate the highest common factor of 6726668 and 676.
52
What is the highest common divisor of 130031 and 11671?
11
What is the highest common factor of 19304 and 710565?
127
What is the greatest common factor of 671 and 682275?
11
Calculate the highest common divisor of 1040 and 166114.
26
Calculate the greatest common divisor of 2034 and 6369358.
226
Calculate the highest common divisor of 2633 and 15121319.
2633
What is the greatest common divisor of 87408750 and 19071?
6357
What is the highest common divisor of 442 and 2319122?
26
Calculate the greatest common divisor of 28645 and 3223405.
1685
What is the highest common divisor of 13152088 and 5368?
488
What is the highest common divisor of 22703 and 222054?
311
What is the greatest common factor of 67848 and 284064?
264
Calculate the highest common divisor of 2588 and 25489859.
647
Calculate the highest common factor of 1503124 and 224.
28
What is the highest common factor of 27612 and 1136304?
468
What is the greatest common divisor of 30917106 and 10120?
506
What is the highest common divisor of 137985 and 2055?
15
Calculate the highest common divisor of 2981807 and 123.
41
Calculate the highest common divisor of 10225 and 649975.
25
Calculate the greatest common divisor of 5905 and 15734463.
1181
Calculate the greatest common divisor of 61518 and 768.
6
Calculate the greatest common divisor of 2385 and 69330996.
477
What is the greatest common factor of 23153404 and 105896?
7564
Calculate the highest common divisor of 335632977 and 243.
81
What is the highest common factor of 7105 and 31966277?
49
Calculate the highest common factor of 304600 and 1450.
50
Calculate the highest common divisor of 88952 and 584.
8
Calculate the greatest common factor of 15113982 and 444.
222
Calculate the greatest common factor of 4 and 687824.
4
Calculate the highest common divisor of 203116 and 5823316.
1972
What is the greatest common divisor of 2795 and 37053315?
2795
What is the greatest common factor of 122216 and 143224?
8
Calculate the highest common factor of 11296 and 1741349.
353
Calculate the highest common divisor of 25985498 and 154.
154
What is the greatest common divisor of 98 and 186304419?
49
Calculate the greatest common factor of 208352 and 10676.
68
Calculate the greatest common factor of 993363 and 84.
21
Calculate the greatest common divisor of 11357592 and 2796.
12
Calculate the highest common factor of 604 and 1619768242.
302
Calculate the highest common divisor of 23183493 and 1032.
129
What is the highest common divisor of 291331387 and 1097?
1097
What is the greatest common divisor of 17 and 54844567?
17
What is the greatest common divisor of 539 and 14577157?
49
Calculate the highest common factor of 1899353792 and 1696.
1696
What is the highest common factor of 1533680 and 13680?
1520
What is the highest common divisor of 7915295 and 16600?
415
What is the greatest common divisor of 148969 and 2212501?
479
Calculate the greatest common factor of 24595149 and 3.
3
Calculate the greatest common divisor of 188 and 7261406.
94
Calculate the greatest common factor of 39696 and 11868.
12
What is the greatest common factor of 106270 and 270?
10
What is the highest common factor of 180 and 3001365?
45
What is the highest common divisor of 175 and 1580075?
175
What is the highest common factor of 12880665 and 103?
103
Calculate the greatest common divisor of 96 and 181624.
8
What is the highest common divisor of 199 and 1380376037?
199
Calculate the highest common factor of 577392 and 623416.
4184
Calculate the greatest common divisor of 8495579 and 3335.
667
Calculate the greatest common factor of 16338036 and 3432.
1716
Calculate the greatest common divisor of 114513 and 400575.
147
Calculate the greatest common divisor of 627 and 17853331.
19
Calculate the highest common factor of 3880 and 15134328.
776
Calculate the highest common divisor of 2617 and 1987.
1
Calculate the highest common divisor of 79569 and 5894.
2947
What is the highest common divisor of 236389518 and 267?
267
Calculate the highest common divisor of 1176984 and 152.
8
Calculate the highest common factor of 38129692 and 25264.
6316
Calculate the highest common divisor of 332624664 and 54.
54
Calculate the highest common factor of 696 and 13388952.
696
What is the greatest common factor of 5 and 12134029?
1
Calculate the highest common factor of 44929587 and 10524.
2631
Calculate the greatest common divisor of 43632500 and 2815.
2815
What is the highest common divisor of 900 and 14592150?
450
Calculate the highest common factor of 111334088 and 272.
136
What is the greatest common divisor of 497402514 and 882?
126
What is the highest common factor of 149547025 and 1695?
565
Calculate the highest common divisor of 2387540 and 94760.
2060
Calculate the greatest common factor of 15921416 and 1736.
56
Calculate the greatest common divisor of 223998 and 19906.
74
Calculate the highest common factor of 6267385 and 161.
23
What is the highest common factor of 850 and 4751800?
50
What is the highest common factor of 9716028 and 34668?
1284
What is the greatest common factor of 611 and 327730?
13
What is the greatest common factor of 77424 and 17224?
8
What is the highest common factor of 1383219780 and 60?
60
Calculate the highest common factor of 18125388 and 36.
36
Calculate the greatest common factor of 126075 and 7196361.
5043
What is the highest common divisor of 303 and 482109?
3
Calculate the highest common factor of 54924 and 278484.
276
What is the highest common divisor of 277222 and 1342?
22
What is the highest common divisor of 2058 and 414764?
14
What is the highest common factor of 891033578 and 562?
562
Calculate the highest common divisor of 44706256 and 336.
112
Calculate the greatest common factor of 289 and 2777902.
17
Calculate the highest common factor of 24720616 and 14320.
1432
Calculate the greatest common factor of 58608581 and 1913.
1913
What is the highest common divisor of 3349302 and 902?
22
What is the highest common divisor of 28105 and 942722?
803
What is the greatest common divisor of 28404437 and 11581?
313
Calculate the greatest common divisor of 11 and 103805119.
11
What is the highest common divisor of 46 and 28906331?
23
Calculate the highest common divisor of 267817 and 8909747.
2761
What is the greatest common divisor of 524530856 and 8?
8
What is the highest common divisor of 382791521 and 7?
7
Calculate the greatest common factor of 200 and 2592664.
8
Calculate the highest common factor of 242799779 and 139.
139
What is the highest common divisor of 50 and 73122850?
50
What is the highest common divisor of 38388492 and 18?
18
Calculate the highest common factor of 20897076 and 1992.
996
Calculate the highest common factor of 36074 a